{"id":283,"date":"2023-05-27T22:29:06","date_gmt":"2023-05-27T22:29:06","guid":{"rendered":"https:\/\/bizplanner.pl\/ebook-dofinansowanie-z-urzedu-pracy\/?page_id=283"},"modified":"2023-05-28T07:27:12","modified_gmt":"2023-05-28T07:27:12","slug":"regulamin","status":"publish","type":"page","link":"https:\/\/bizplanner.pl\/ebook-dofinansowanie-z-urzedu-pracy\/regulamin\/","title":{"rendered":"Regulamin"},"content":{"rendered":"\n<p><strong>Regulamin e-sklepu<\/strong><\/p>\n\n\n\n<p><strong>Regulamin e-sklepu<\/strong><br><br>Regulamin sklepu internetowego okre\u015bla zasady zawierania um\u00f3w sprzeda\u017cy produkt\u00f3w za pomoc\u0105<br>\u015brodk\u00f3w komunikacji elektronicznej. W tym celu Sklep internetowy, prowadzony przez Sprzedawc\u0119,<br>umo\u017cliwia Klientom sk\u0142adanie Zam\u00f3wie\u0144 za pomoc\u0105 Formularza Zam\u00f3wienia, kt\u00f3ry jest interaktywnym<br>formularzem dost\u0119pnym w Sklepie. Koszyk jest elementem oprogramowania Sklepu, umo\u017cliwiaj\u0105cym<br>wy\u015bwietlenie wybranych produkt\u00f3w do zakupu, a tak\u017ce wprowadzenie i modyfikacj\u0119 danych<br>zam\u00f3wienia.<br>Przed zawarciem umowy Klient powinien zapozna\u0107 si\u0119 z tre\u015bci\u0105 Regulaminu. W przypadku<br>nieakceptowania jego postanowie\u0144, Klient nie powinien dokonywa\u0107 zakup\u00f3w w Sklepie. Zawarcie<br>umowy z Us\u0142ugodawc\u0105 oznacza, \u017ce Klient zapozna\u0142 si\u0119 z tre\u015bci\u0105 Regulaminu i akceptuje jego<br>postanowienia.<br>\u00a71 Og\u00f3lne postanowienia<br>Ten regulamin (dalej &#8222;Regulamin&#8221;) okre\u015bla zasady sprzeda\u017cy produkt\u00f3w na odleg\u0142o\u015b\u0107 przez Sprzedawc\u0119<br>i Klient\u00f3w za po\u015brednictwem \u015brodk\u00f3w komunikacji elektronicznej, w szczeg\u00f3lno\u015bci za po\u015brednictwem<br>poczty elektronicznej i strony internetowej Sprzedawcy pod adresem www.bizplanner.pl, a tak\u017ce<br>zasady \u015bwiadczenia us\u0142ug drog\u0105 elektroniczn\u0105 przez Sprzedawc\u0119.<br>\u00a72 Definicje u\u017cywane w Regulaminie<br>1. Sprzedawca, Administrator Danych Osobowych &#8211; Jan Braatz, prowadz\u0105cy dzia\u0142alno\u015b\u0107<br>gospodarcz\u0105 pod firm\u0105 Biz Planner Jan Braatz z siedzib\u0105 w Ciechocinku (87-720) przy ul.<br>T\u0119\u017cniowej 53, wpisany do Centralnej Ewidencji i Informacji o Dzia\u0142alno\u015bci Gospodarczej<br>(CEIDG), pos\u0142uguj\u0105cy si\u0119 numerem NIP 8911631790, REGON 382113691.<br>2. Regulamin &#8211; niniejszy regulamin, dost\u0119pny pod adresem https:\/\/bizplanner.pl\/ebook-<br>dofinansowanie-z-urzedu-pracy\/<br>3. Sklep &#8211; e-sklep prowadzony przez Sprzedawc\u0119 pod adresem internetowym<br>https:\/\/bizplanner.pl\/ebook-dofinansowanie-z-urzedu-pracy\/. Siedziba Sklepu znajduje si\u0119 w<br>Ciechocinku (87-720) przy ul. T\u0119\u017cniowej 53.<br>4. Klient &#8211; osoba fizyczna posiadaj\u0105ca pe\u0142n\u0105 zdolno\u015b\u0107 do czynno\u015bci prawnych, osoba prawna lub<br>jednostka organizacyjna nie posiadaj\u0105ca osobowo\u015bci prawnej, kt\u00f3rej odr\u0119bne przepisy<br>przyznaj\u0105 zdolno\u015b\u0107 prawn\u0105, dokonuj\u0105ca zakup\u00f3w w Sklepie na zasadach okre\u015blonych w<br>Regulaminie.<br>5. Konsument &#8211; osoba fizyczna dokonuj\u0105ca ze Sprzedawc\u0105 czynno\u015bci prawnej niezwi\u0105zanej<br>bezpo\u015brednio z jej dzia\u0142alno\u015bci\u0105 gospodarcz\u0105 lub zawodow\u0105.<br>6. Przedsi\u0119biorca &#8211; osoba fizyczna, osoba prawna lub jednostka organizacyjna nie posiadaj\u0105ca<br>osobowo\u015bci prawnej, kt\u00f3rej odr\u0119bne przepisy przyznaj\u0105 zdolno\u015b\u0107 prawn\u0105, wykonuj\u0105ca we<br>w\u0142asnym imieniu dzia\u0142alno\u015b\u0107 gospodarcz\u0105, kt\u00f3ra dokonuje zakup\u00f3w w Sklepie na zasadach<br>okre\u015blonych w Regulaminie.<br>7. Umowa zawarta na odleg\u0142o\u015b\u0107 &#8211; umowa zawarta z Klientem w ramach zorganizowanego<br>systemu zawierania um\u00f3w na odleg\u0142o\u015b\u0107 (w ramach Sklepu), bez jednoczesnej fizycznej<br>obecno\u015bci stron, z wy\u0142\u0105cznym wykorzystaniem jednego lub wi\u0119kszej liczby \u015brodk\u00f3w<br>porozumiewania si\u0119 na odleg\u0142o\u015b\u0107 do chwili zawarcia umowy w\u0142\u0105cznie.<a href=\"http:\/\/www.bizplanner.pl\/\"><\/a>8. Zam\u00f3wienie &#8211; <br>o\u015bwiadczenie woli Klienta, sk\u0142adane za pomoc\u0105 Formularza Zam\u00f3wienia,<br>zmierzaj\u0105ce bezpo\u015brednio do zawarcia Umowy Sprzeda\u017cy Produktu lub Produkt\u00f3w ze<br>Sprzedawc\u0105.<br>9. Formularz zam\u00f3wienia &#8211; interaktywny formularz dost\u0119pny w Sklepie, umo\u017cliwiaj\u0105cy z\u0142o\u017cenie<br>Zam\u00f3wienia, w szczeg\u00f3lno\u015bci poprzez dodanie Produkt\u00f3w do Koszyka oraz okre\u015blenie<br>warunk\u00f3w Umowy Sprzeda\u017cy, w tym sposobu dostawy i p\u0142atno\u015bci.<br>10. Koszyk &#8211; element oprogramowania Sklepu, umo\u017cliwiaj\u0105cy wy\u015bwietlenie wybranych przez<br>Klienta produkt\u00f3w do zakupu, a tak\u017ce wprowadzenie i modyfikacj\u0119 danych zam\u00f3wienia, w<br>szczeg\u00f3lno\u015bci liczby produkt\u00f3w.<br>11. Produkt &#8211; dost\u0119pny w Sklepie produkt cyfrowy b\u0119d\u0105cy przedmiotem Umowy Sprzeda\u017cy mi\u0119dzy<br>Klientem a Sprzedawc\u0105.<br>12. Umowa Sprzeda\u017cy &#8211; umowa sprzeda\u017cy Produktu zawierana albo zawarta mi\u0119dzy Klientem a<br>Sprzedawc\u0105 za po\u015brednictwem Sklepu internetowego.<br>13. Indywidualne konto Klienta (Konto) &#8211; baza danych zawieraj\u0105ca dane Klienta, dost\u0119pna na<br>stronie serwisu internetowego https:\/\/bizplanner.pl\/ebook-dofinansowanie-z-urzedu-pracy\/ ,<br>s\u0142u\u017c\u0105ca mi\u0119dzy innymi do korzystania z zakupionych produkt\u00f3w cyfrowych oraz \u015bledzenia<br>historii zam\u00f3wie\u0144.<br>14. Login &#8211; adres poczty elektronicznej Klienta s\u0142u\u017c\u0105cy do zalogowania si\u0119 do konta.<br>15. Has\u0142o &#8211; indywidualne has\u0142o dost\u0119pu do Konta. Sprzedawca nie ponosi odpowiedzialno\u015bci za<br>skutki udost\u0119pnienia przez Klienta has\u0142a do konta jakiejkolwiek osobie trzeciej i\/lub<br>niew\u0142a\u015bciwego zabezpieczenia has\u0142a dost\u0119pu do konta przed dost\u0119pem jakiejkolwiek osoby<br>trzeciej.<br>16. Operator p\u0142atno\u015bci &#8211; zewn\u0119trzny podmiot, kt\u00f3ry po\u015bredniczy w realizacji p\u0142atno\u015bci za pomoc\u0105<br>przelewu bankowego lub p\u0142atno\u015bci kart\u0105 p\u0142atnicz\u0105. Operatorem p\u0142atno\u015bci s\u0105: PayU S.A. z<br>siedzib\u0105 w Poznaniu, 60-166 Pozna\u0144, przy ul. Grunwaldzkiej 186, wpisana do rejestru<br>przedsi\u0119biorc\u00f3w prowadzonego przez S\u0105d Rejonowy w Poznaniu \u2013 Nowe Miasto i Wilda w<br>Poznaniu, VIII Wydzia\u0142 Gospodarczy Krajowego Rejestru S\u0105dowego pod numerem KRS<br>0000274399, posiadaj\u0105ca numer identyfikacji podatkowej NIP 779-23-08-495, o kapitale<br>zak\u0142adowym w wysoko\u015bci 4.944.000 PLN, op\u0142aconym w ca\u0142o\u015bci; krajowa instytucja p\u0142atnicza<br>nadzorowana przez Komisj\u0119 Nadzoru Finansowego, wpisana do Rejestru us\u0142ug p\u0142atniczych pod<br>numerem IP1\/2012 oraz PayPal (Europe) S.\u00e0 r.l. &amp; Cie, S.C.A z siedzib\u0105 pod adresem L-1150 w<br>Luksemburgu<br>17. Serwis fakturuj\u0105cy &#8211; zewn\u0119trzny podmiot po\u015brednicz\u0105cy w wystawieniu faktur VAT na \u017cyczenie<br>Klienta. Operatorem tym jest: IFIRMA SA z siedzib\u0105 we Wroc\u0142awiu, ul. Grabiszy\u0144ska 241B, 53-<br>234 Wroc\u0142aw, zarejestrowana w Krajowym Rejestrze S\u0105dowym we Wroc\u0142awiu prowadzonym<br>przez S\u0105d Rejonowy dla Wroc\u0142awia-Fabrycznej, VI Wydzia\u0142 Gospodarczy Krajowego Rejestru<br>S\u0105dowego, pod numerem KRS 0000281947, NIP: 898-16-47-572, REGON: 931082394, kapita\u0142<br>zak\u0142adowy: 640.000 PLN w pe\u0142ni op\u0142acony.<br>18. Us\u0142uga elektroniczna &#8211; oznacza us\u0142ug\u0119 \u015bwiadczon\u0105 przez Sprzedawc\u0119 bez jednoczesnej<br>obecno\u015bci stron (na odleg\u0142o\u015b\u0107), poprzez przekaz danych na indywidualne \u017c\u0105danie Klienta,<br>przesy\u0142anej i otrzymywanej za pomoc\u0105 urz\u0105dze\u0144 do elektronicznego przetwarzania, w\u0142\u0105cznie z<br>kompresj\u0105 cyfrow\u0105 i przechowywania danych, kt\u00f3ra jest w ca\u0142o\u015bci nadawana, odbierana lub<\/p>\n","protected":false},"excerpt":{"rendered":"<p>Regulamin e-sklepu Regulamin e-sklepu Regulamin sklepu internetowego okre\u015bla zasady zawierania um\u00f3w sprzeda\u017cy produkt\u00f3w za pomoc\u0105\u015brodk\u00f3w komunikacji elektronicznej. W tym celu Sklep internetowy, prowadzony przez Sprzedawc\u0119,umo\u017cliwia Klientom sk\u0142adanie Zam\u00f3wie\u0144 za pomoc\u0105 Formularza Zam\u00f3wienia, kt\u00f3ry jest interaktywnymformularzem dost\u0119pnym w Sklepie. Koszyk jest elementem oprogramowania Sklepu, umo\u017cliwiaj\u0105cymwy\u015bwietlenie wybranych produkt\u00f3w do zakupu, a tak\u017ce wprowadzenie i modyfikacj\u0119 danychzam\u00f3wienia.Przed zawarciem [&hellip;]<\/p>\n","protected":false},"author":1,"featured_media":0,"parent":0,"menu_order":0,"comment_status":"closed","ping_status":"closed","template":"","meta":{"_acf_changed":false,"site-sidebar-layout":"default","site-content-layout":"","ast-site-content-layout":"default","site-content-style":"default","site-sidebar-style":"default","ast-global-header-display":"","ast-banner-title-visibility":"","ast-main-header-display":"","ast-hfb-above-header-display":"","ast-hfb-below-header-display":"","ast-hfb-mobile-header-display":"","site-post-title":"","ast-breadcrumbs-content":"","ast-featured-img":"","footer-sml-layout":"","ast-disable-related-posts":"","theme-transparent-header-meta":"","adv-header-id-meta":"","stick-header-meta":"","header-above-stick-meta":"","header-main-stick-meta":"","header-below-stick-meta":"","astra-migrate-meta-layouts":"default","ast-page-background-enabled":"default","ast-page-background-meta":{"desktop":{"background-color":"var(--ast-global-color-4)","background-image":"","background-repeat":"repeat","background-position":"center center","background-size":"auto","background-attachment":"scroll","background-type":"","background-media":"","overlay-type":"","overlay-color":"","overlay-opacity":"","overlay-gradient":""},"tablet":{"background-color":"","background-image":"","background-repeat":"repeat","background-position":"center center","background-size":"auto","background-attachment":"scroll","background-type":"","background-media":"","overlay-type":"","overlay-color":"","overlay-opacity":"","overlay-gradient":""},"mobile":{"background-color":"","background-image":"","background-repeat":"repeat","background-position":"center center","background-size":"auto","background-attachment":"scroll","background-type":"","background-media":"","overlay-type":"","overlay-color":"","overlay-opacity":"","overlay-gradient":""}},"ast-content-background-meta":{"desktop":{"background-color":"var(--ast-global-color-5)","background-image":"","background-repeat":"repeat","background-position":"center center","background-size":"auto","background-attachment":"scroll","background-type":"","background-media":"","overlay-type":"","overlay-color":"","overlay-opacity":"","overlay-gradient":""},"tablet":{"background-color":"var(--ast-global-color-5)","background-image":"","background-repeat":"repeat","background-position":"center center","background-size":"auto","background-attachment":"scroll","background-type":"","background-media":"","overlay-type":"","overlay-color":"","overlay-opacity":"","overlay-gradient":""},"mobile":{"background-color":"var(--ast-global-color-5)","background-image":"","background-repeat":"repeat","background-position":"center center","background-size":"auto","background-attachment":"scroll","background-type":"","background-media":"","overlay-type":"","overlay-color":"","overlay-opacity":"","overlay-gradient":""}},"footnotes":""},"class_list":["post-283","page","type-page","status-publish","hentry"],"acf":[],"_links":{"self":[{"href":"https:\/\/bizplanner.pl\/ebook-dofinansowanie-z-urzedu-pracy\/wp-json\/wp\/v2\/pages\/283","targetHints":{"allow":["GET"]}}],"collection":[{"href":"https:\/\/bizplanner.pl\/ebook-dofinansowanie-z-urzedu-pracy\/wp-json\/wp\/v2\/pages"}],"about":[{"href":"https:\/\/bizplanner.pl\/ebook-dofinansowanie-z-urzedu-pracy\/wp-json\/wp\/v2\/types\/page"}],"author":[{"embeddable":true,"href":"https:\/\/bizplanner.pl\/ebook-dofinansowanie-z-urzedu-pracy\/wp-json\/wp\/v2\/users\/1"}],"replies":[{"embeddable":true,"href":"https:\/\/bizplanner.pl\/ebook-dofinansowanie-z-urzedu-pracy\/wp-json\/wp\/v2\/comments?post=283"}],"version-history":[{"count":0,"href":"https:\/\/bizplanner.pl\/ebook-dofinansowanie-z-urzedu-pracy\/wp-json\/wp\/v2\/pages\/283\/revisions"}],"wp:attachment":[{"href":"https:\/\/bizplanner.pl\/ebook-dofinansowanie-z-urzedu-pracy\/wp-json\/wp\/v2\/media?parent=283"}],"curies":[{"name":"wp","href":"https:\/\/api.w.org\/{rel}","templated":true}]}}